{"id":1065,"date":"2016-04-18T11:15:15","date_gmt":"2016-04-18T11:15:15","guid":{"rendered":"http:\/\/splash.stylemixthemes.com\/?page_id=2"},"modified":"2021-10-12T15:46:00","modified_gmt":"2021-10-12T13:46:00","slug":"sample-page-2","status":"publish","type":"page","link":"https:\/\/tytaniwejherowo.pl\/?page_id=1065","title":{"rendered":"Zarz\u0105d Klubu"},"content":{"rendered":"<div class=\"wpb-content-wrapper\"><p>[vc_row][vc_column width=&#8221;1\/4&#8243;][vc_single_image image=&#8221;1833&#8243; img_size=&#8221;medium&#8221; title=&#8221;Prezes&#8221;][\/vc_column][vc_column width=&#8221;1\/4&#8243;][vc_column_text]<\/p>\n<h3><\/h3>\n<p>&nbsp;<\/p>\n<h3>Remigiusz Sa\u0142ata<\/h3>\n<h3>e-mail: <strong>tytaniwejherowo@wp.pl<\/strong><br \/>\ntel. <strong><span class=\"contact-mobile\">790 884 368<\/span><\/strong><\/h3>\n<p>[\/vc_column_text][\/vc_column][vc_column width=&#8221;1\/4&#8243;][vc_single_image image=&#8221;1835&#8243; img_size=&#8221;medium&#8221; title=&#8221;Wiceprezes&#8221;][\/vc_column][vc_column width=&#8221;1\/4&#8243;][vc_column_text]<\/p>\n<h3><\/h3>\n<p>&nbsp;<\/p>\n<h3>Robert Wicon<\/h3>\n<h3>e-mail: <strong>tytaniwejherowo@wp.pl<\/strong><br \/>\ntel.\u00a0<strong><span class=\"contact-mobile\">600 983 360<\/span><\/strong><\/h3>\n<p>[\/vc_column_text][\/vc_column][\/vc_row][vc_row][vc_column][vc_column_text]<\/p>\n<h3>Dzia\u0142alno\u015b\u0107 statutowa Tytan\u00f3w<\/h3>\n<h3>1. Piknik z Pi\u0142k\u0105 R\u0119czn\u0105<\/h3>\n<p class=\"nspText tleft fleft\">Piknik\u00a0 jest dla Tytan\u00f3w Wejherowo jedn\u0105 z najwa\u017cniejszych imprez sportowych w ka\u017cdym roku.\u00a0Poniewa\u017c jest on podsumowaniem ka\u017cdego sezonu \u00a0i podzi\u0119kowaniem dla wszystkich tych kt\u00f3rzy byli z Nami przez ca\u0142y ten czas, czyli K<strong>ibic\u00f3w, Sponsor\u00f3w, Lokalnych Medi\u00f3w, Lokalnych W\u0142adz Miasta i Powiatu, Zawodnik\u00f3w<\/strong>, oraz\u00a0<strong>wiele innych os\u00f3b kt\u00f3re z nami wsp\u00f3\u0142pracuj\u0105.<\/strong><\/p>\n<h3>2. Miko\u0142aj z Tytanami<\/h3>\n<p>Miko\u0142aj z Tytanami , to nasza kolejna propozycja dla najm\u0142odszych oraz ca\u0142ych rodzin. Spotykamy si\u0119 w grudniu na hali i organizujemy gry i zabawy dla najm\u0142odszych, kt\u00f3re maj\u0105 zach\u0119ci\u0107 do aktywnego sp\u0119dzania wolnego czasu. Oczywi\u015bci ka\u017cdy aktywny udzia\u0142 dziecka nagradzany jest \u201es\u0142odkim podarunkiem\u201d wr\u0119czanym przez samego Miko\u0142aja.<\/p>\n<h3>3. Wejherowska Liga Pi\u0142ki R\u0119cznej<\/h3>\n<p>Wejherowska Liga Pi\u0142ki R\u0119cznej \u201eTytan\u00f3w\u201d, na pocz\u0105tku by\u0142a baz\u0105 na podstawie kt\u00f3rej budowali\u015bmy zesp\u00f3l jak i skupiali\u015bmy wszystkie osoby, kt\u00f3re zainteresowane s\u0105 odbudow\u0105 pi\u0142ki r\u0119cznej w Wejherowie. Dzi\u0119ki rozgrywkom pierwszej edycji WLPR uda\u0142o si\u0119 wyselekcjonowa\u0107 grup\u0119 zawodnik\u00f3w, kt\u00f3rzy zainteresowani byli gr\u0105 w II Lidze Pi\u0142ki R\u0119cznej M\u0119\u017cczyzn.<\/p>\n<h3>4. Liga &#8222;M\u0142odych Tytan\u00f3w&#8221;<\/h3>\n<p>Wejherowska Liga \u201eM\u0142odych Tytan\u00f3w\u201d skierowana jest do najm\u0142odszych pi\u0142karzy r\u0119cznych, czyli ch\u0142opc\u00f3w klas V-VI szk\u00f3l podstawowych i ma na celu promowa\u0107 aktywny spos\u00f3b sp\u0119dzania wolnego czasu jak i zach\u0119ca\u0107 do uprawiania pi\u0142ki r\u0119cznej.[\/vc_column_text][\/vc_column][\/vc_row]<\/p>\n<\/div>","protected":false},"excerpt":{"rendered":"<p>[vc_row][vc_column width=&#8221;1\/4&#8243;][vc_single_image image=&#8221;1833&#8243; img_size=&#8221;medium&#8221; title=&#8221;Prezes&#8221;][\/vc_column][vc_column width=&#8221;1\/4&#8243;][vc_column_text] &nbsp; Remigiusz Sa\u0142ata e-mail: tytaniwejherowo@wp.pl tel. 790 884 368 [\/vc_column_text][\/vc_column][vc_column width=&#8221;1\/4&#8243;][vc_single_image image=&#8221;1835&#8243; img_size=&#8221;medium&#8221; title=&#8221;Wiceprezes&#8221;][\/vc_column][vc_column width=&#8221;1\/4&#8243;][vc_column_text] &nbsp; Robert Wicon e-mail: tytaniwejherowo@wp.pl tel.\u00a0600 983 360 [\/vc_column_text][\/vc_column][\/vc_row][vc_row][vc_column][vc_column_text] Dzia\u0142alno\u015b\u0107 statutowa Tytan\u00f3w 1. Piknik z Pi\u0142k\u0105 R\u0119czn\u0105 Piknik\u00a0 jest dla Tytan\u00f3w Wejherowo jedn\u0105 z najwa\u017cniejszych imprez sportowych w ka\u017cdym roku.\u00a0Poniewa\u017c jest on podsumowaniem ka\u017cdego&#8230;<\/p>\n","protected":false},"author":1,"featured_media":0,"parent":0,"menu_order":0,"comment_status":"closed","ping_status":"open","template":"","meta":{"footnotes":""},"class_list":["post-1065","page","type-page","status-publish","hentry"],"_links":{"self":[{"href":"https:\/\/tytaniwejherowo.pl\/index.php?rest_route=\/wp\/v2\/pages\/1065","targetHints":{"allow":["GET"]}}],"collection":[{"href":"https:\/\/tytaniwejherowo.pl\/index.php?rest_route=\/wp\/v2\/pages"}],"about":[{"href":"https:\/\/tytaniwejherowo.pl\/index.php?rest_route=\/wp\/v2\/types\/page"}],"author":[{"embeddable":true,"href":"https:\/\/tytaniwejherowo.pl\/index.php?rest_route=\/wp\/v2\/users\/1"}],"replies":[{"embeddable":true,"href":"https:\/\/tytaniwejherowo.pl\/index.php?rest_route=%2Fwp%2Fv2%2Fcomments&post=1065"}],"version-history":[{"count":4,"href":"https:\/\/tytaniwejherowo.pl\/index.php?rest_route=\/wp\/v2\/pages\/1065\/revisions"}],"predecessor-version":[{"id":3091,"href":"https:\/\/tytaniwejherowo.pl\/index.php?rest_route=\/wp\/v2\/pages\/1065\/revisions\/3091"}],"wp:attachment":[{"href":"https:\/\/tytaniwejherowo.pl\/index.php?rest_route=%2Fwp%2Fv2%2Fmedia&parent=1065"}],"curies":[{"name":"wp","href":"https:\/\/api.w.org\/{rel}","templated":true}]}}

Zarząd Klubu

<div class="wpb-content-wrapper"><p>[vc_row][vc_column width=&#8221;1/4&#8243;][vc_single_image image=&#8221;1833&#8243; img_size=&#8221;medium&#8221; title=&#8221;Prezes&#8221;][/vc_column][vc_column width=&#8221;1/4&#8243;][vc_column_text]</p>
<h3></h3>
<p>&nbsp;</p>
<h3>Remigiusz Sałata</h3>
<h3>e-mail: <strong>tytaniwejherowo@wp.pl</strong><br />
tel. <strong><span class="contact-mobile">790 884 368</span></strong></h3>
<p>[/vc_column_text][/vc_column][vc_column width=&#8221;1/4&#8243;][vc_single_image image=&#8221;1835&#8243; img_size=&#8221;medium&#8221; title=&#8221;Wiceprezes&#8221;][/vc_column][vc_column width=&#8221;1/4&#8243;][vc_column_text]</p>
<h3></h3>
<p>&nbsp;</p>
<h3>Robert Wicon</h3>
<h3>e-mail: <strong>tytaniwejherowo@wp.pl</strong><br />
tel. <strong><span class="contact-mobile">600 983 360</span></strong></h3>
<p>[/vc_column_text][/vc_column][/vc_row][vc_row][vc_column][vc_column_text]</p>
<h3>Działalność statutowa Tytanów</h3>
<h3>1. Piknik z Piłką Ręczną</h3>
<p class="nspText tleft fleft">Piknik  jest dla Tytanów Wejherowo jedną z najważniejszych imprez sportowych w każdym roku. Ponieważ jest on podsumowaniem każdego sezonu  i podziękowaniem dla wszystkich tych którzy byli z Nami przez cały ten czas, czyli K<strong>ibiców, Sponsorów, Lokalnych Mediów, Lokalnych Władz Miasta i Powiatu, Zawodników</strong>, oraz <strong>wiele innych osób które z nami współpracują.</strong></p>
<h3>2. Mikołaj z Tytanami</h3>
<p>Mikołaj z Tytanami , to nasza kolejna propozycja dla najmłodszych oraz całych rodzin. Spotykamy się w grudniu na hali i organizujemy gry i zabawy dla najmłodszych, które mają zachęcić do aktywnego spędzania wolnego czasu. Oczywiści każdy aktywny udział dziecka nagradzany jest „słodkim podarunkiem” wręczanym przez samego Mikołaja.</p>
<h3>3. Wejherowska Liga Piłki Ręcznej</h3>
<p>Wejherowska Liga Piłki Ręcznej „Tytanów”, na początku była bazą na podstawie której budowaliśmy zespól jak i skupialiśmy wszystkie osoby, które zainteresowane są odbudową piłki ręcznej w Wejherowie. Dzięki rozgrywkom pierwszej edycji WLPR udało się wyselekcjonować grupę zawodników, którzy zainteresowani byli grą w II Lidze Piłki Ręcznej Mężczyzn.</p>
<h3>4. Liga &#8222;Młodych Tytanów&#8221;</h3>
<p>Wejherowska Liga „Młodych Tytanów” skierowana jest do najmłodszych piłkarzy ręcznych, czyli chłopców klas V-VI szkól podstawowych i ma na celu promować aktywny sposób spędzania wolnego czasu jak i zachęcać do uprawiania piłki ręcznej.[/vc_column_text][/vc_column][/vc_row]</p>
</div>

<p>[vc_row][vc_column width=&#8221;1/4&#8243;][vc_single_image image=&#8221;1833&#8243; img_size=&#8221;medium&#8221; title=&#8221;Prezes&#8221;][/vc_column][vc_column width=&#8221;1/4&#8243;][vc_column_text] &nbsp; Remigiusz Sałata e-mail: tytaniwejherowo@wp.pl tel. 790 884 368 [/vc_column_text][/vc_column][vc_column width=&#8221;1/4&#8243;][vc_single_image image=&#8221;1835&#8243; img_size=&#8221;medium&#8221; title=&#8221;Wiceprezes&#8221;][/vc_column][vc_column width=&#8221;1/4&#8243;][vc_column_text] &nbsp; Robert Wicon e-mail: tytaniwejherowo@wp.pl tel. 600 983 360 [/vc_column_text][/vc_column][/vc_row][vc_row][vc_column][vc_column_text] Działalność statutowa Tytanów 1. Piknik z Piłką Ręczną Piknik  jest dla Tytanów Wejherowo jedną z najważniejszych imprez sportowych w każdym roku. Ponieważ jest on podsumowaniem każdego&#8230;</p>
